{"id":379,"date":"2019-02-05T22:30:05","date_gmt":"2019-02-05T20:30:05","guid":{"rendered":"http:\/\/www.jnbl.ch\/?page_id=379"},"modified":"2025-09-22T10:42:27","modified_gmt":"2025-09-22T08:42:27","slug":"sommerlager-2019","status":"publish","type":"page","link":"http:\/\/www.jnbl.ch\/?page_id=379","title":{"rendered":"Sommerlager 2026"},"content":{"rendered":"<p><strong><span style=\"font-size: 12pt;\">Steini und die Ritter der Tafelrunde<\/span><br \/>\n<\/strong><strong>Sommerlager des Jugendnaturschutz Baselland 2026<\/strong><\/p>\n<p>Finstere Zeiten sind \u00fcber Britannien hereingebrochen, denn der gr\u00fcne Drache ist wieder auferstanden: Mordred, der Sohn K\u00f6nig Arturs. Pl\u00fcndernd und brandschatzend zieht er mit seinen Schergen \u00fcbers Land, was kann ihn noch aufhalten?<\/p>\n<p>Laut einer Prophezeiung besitzt nur der heilige Gral die Macht, Mordred zu besiegen. Das treibt uns von unserer Heimat fort in Richtung Camelot, der Festung K\u00f6nig Arturs und der Geburtsort der Ritter der Tafelrunde. Dort treten wir als Knappen in Sir Lancelots Dienste ein und werden zu Rittern ausgebildet.<\/p>\n<p>Doch k\u00f6nnen wir den Gral rechtzeitig finden, um Camelot zu retten? Um die abenteuerlichen Aufgaben l\u00f6sen zu k\u00f6nnen ben\u00f6tigen wir die Hilfe Merlins, dem geheimnisvollen Berater Arturs, doch wo steckt er bloss?<\/p>\n<p>Willst Du mit uns spannende Geschichten am lodernden Lagerfeuer erleben? Wenn dich das Mittelalterfieber gepackt hat, dann nimm dein Schwert, Schild und Steckenpferd in die Hand und melde dich f\u00fcrs <strong>SoLa 2026 <\/strong>via <a href=\"http:\/\/www.jnbl.ch\/wp-content\/uploads\/2025\/09\/Ausschreibung-Sola-2026.pdf\" target=\"_blank\" rel=\"noopener\">Ausschreibung<\/a> oder der <a href=\"https:\/\/forms.gle\/J4nFUkboVajeKeMj6\" target=\"_blank\" rel=\"noopener\">Online-Anmeldung<\/a> an.<\/p>\n<table>\n<tbody>\n<tr>\n<td>Was<\/td>\n<td>Zeltlager<\/td>\n<\/tr>\n<tr>\n<td>Wann<\/td>\n<td>27. Juli bis 06. August 2026<\/td>\n<\/tr>\n<tr>\n<td>Wo<\/td>\n<td>Weiler Bodmen, Visperterminen, Wallis<\/td>\n<\/tr>\n<tr>\n<td>Kosten<\/td>\n<td>350.- CHF inkl. Reisekosten ab Treffpunkt<br \/>\n320.- CHF f\u00fcr jedes weitere Geschwister<\/td>\n<\/tr>\n<tr>\n<td>Alter<\/td>\n<td>ab Jahrgang 2019<\/td>\n<\/tr>\n<tr>\n<td>Kontaktadresse<\/td>\n<td>Florian Colombo<br \/>\n076 565 33 05<br \/>\nflorian@jnbl.ch<\/td>\n<\/tr>\n<tr>\n<td><strong>Wichtig<\/strong><\/td>\n<td><strong>Anmeldeschluss<\/strong><strong>: <\/strong>30. Juni 2026<\/td>\n<\/tr>\n<\/tbody>\n<\/table>\n<p><a href=\"http:\/\/www.jnbl.ch\/wp-content\/uploads\/2025\/09\/Ausschreibung-Sola-2026.pdf\" target=\"_blank\" rel=\"noopener\">Ausschreibung PDF<\/a><\/p>\n<p><a href=\"https:\/\/forms.gle\/J4nFUkboVajeKeMj6\" target=\"_blank\" rel=\"noopener\">Online-Anmeldung<\/a><\/p>\n<p><img data-recalc-dims=\"1\" loading=\"lazy\" decoding=\"async\" data-attachment-id=\"302\" data-permalink=\"http:\/\/www.jnbl.ch\/?attachment_id=302\" data-orig-file=\"https:\/\/i0.wp.com\/www.jnbl.ch\/wp-content\/uploads\/2018\/11\/sporttoto.jpeg?fit=1280%2C416\" data-orig-size=\"1280,416\" data-comments-opened=\"0\" data-image-meta=\"{&quot;aperture&quot;:&quot;0&quot;,&quot;credit&quot;:&quot;&quot;,&quot;camera&quot;:&quot;&quot;,&quot;caption&quot;:&quot;&quot;,&quot;created_timestamp&quot;:&quot;0&quot;,&quot;copyright&quot;:&quot;&quot;,&quot;focal_length&quot;:&quot;0&quot;,&quot;iso&quot;:&quot;0&quot;,&quot;shutter_speed&quot;:&quot;0&quot;,&quot;title&quot;:&quot;&quot;,&quot;orientation&quot;:&quot;0&quot;}\" data-image-title=\"sporttoto\" data-image-description=\"\" data-image-caption=\"\" data-large-file=\"https:\/\/i0.wp.com\/www.jnbl.ch\/wp-content\/uploads\/2018\/11\/sporttoto.jpeg?fit=700%2C228\" class=\"alignright wp-image-302\" src=\"https:\/\/i0.wp.com\/dmn205.manage.the-admins.ch\/wp-content\/uploads\/2018\/11\/sporttoto-300x98.jpeg?resize=214%2C70\" alt=\"\" width=\"214\" height=\"70\" srcset=\"https:\/\/i0.wp.com\/www.jnbl.ch\/wp-content\/uploads\/2018\/11\/sporttoto.jpeg?resize=300%2C98 300w, https:\/\/i0.wp.com\/www.jnbl.ch\/wp-content\/uploads\/2018\/11\/sporttoto.jpeg?resize=768%2C250 768w, https:\/\/i0.wp.com\/www.jnbl.ch\/wp-content\/uploads\/2018\/11\/sporttoto.jpeg?resize=1024%2C333 1024w, https:\/\/i0.wp.com\/www.jnbl.ch\/wp-content\/uploads\/2018\/11\/sporttoto.jpeg?w=1280 1280w\" sizes=\"auto, (max-width: 214px) 100vw, 214px\" \/><\/p>\n<p><img data-recalc-dims=\"1\" loading=\"lazy\" decoding=\"async\" data-attachment-id=\"13370\" data-permalink=\"http:\/\/www.jnbl.ch\/?attachment_id=13370\" data-orig-file=\"https:\/\/i0.wp.com\/www.jnbl.ch\/wp-content\/uploads\/2024\/06\/logo_JNBL_PN-e1719391302263.jpg?fit=821%2C290\" data-orig-size=\"821,290\" data-comments-opened=\"0\" data-image-meta=\"{&quot;aperture&quot;:&quot;0&quot;,&quot;credit&quot;:&quot;&quot;,&quot;camera&quot;:&quot;&quot;,&quot;caption&quot;:&quot;&quot;,&quot;created_timestamp&quot;:&quot;0&quot;,&quot;copyright&quot;:&quot;&quot;,&quot;focal_length&quot;:&quot;0&quot;,&quot;iso&quot;:&quot;0&quot;,&quot;shutter_speed&quot;:&quot;0&quot;,&quot;title&quot;:&quot;&quot;,&quot;orientation&quot;:&quot;0&quot;}\" data-image-title=\"logo_JNBL_PN\" data-image-description=\"\" data-image-caption=\"\" data-large-file=\"https:\/\/i0.wp.com\/www.jnbl.ch\/wp-content\/uploads\/2024\/06\/logo_JNBL_PN-e1719391302263.jpg?fit=700%2C394\" class=\"alignnone size-medium wp-image-13370\" src=\"https:\/\/i0.wp.com\/www.jnbl.ch\/wp-content\/uploads\/2024\/06\/logo_JNBL_PN-e1719391302263-300x106.jpg?resize=300%2C106\" alt=\"\" width=\"300\" height=\"106\" srcset=\"https:\/\/i0.wp.com\/www.jnbl.ch\/wp-content\/uploads\/2024\/06\/logo_JNBL_PN-e1719391302263.jpg?resize=300%2C106 300w, https:\/\/i0.wp.com\/www.jnbl.ch\/wp-content\/uploads\/2024\/06\/logo_JNBL_PN-e1719391302263.jpg?resize=768%2C271 768w, https:\/\/i0.wp.com\/www.jnbl.ch\/wp-content\/uploads\/2024\/06\/logo_JNBL_PN-e1719391302263.jpg?w=821 821w\" sizes=\"auto, (max-width: 300px) 100vw, 300px\" \/><\/p>\n","protected":false},"excerpt":{"rendered":"<p>Steini und die Ritter der Tafelrunde Sommerlager des Jugendnaturschutz Baselland 2026 Finstere Zeiten sind \u00fcber Britannien hereingebrochen, denn der gr\u00fcne Drache ist wieder auferstanden: Mordred, der Sohn K\u00f6nig Arturs. Pl\u00fcndernd und brandschatzend zieht er mit seinen Schergen \u00fcbers Land, was&hellip; <\/p>\n","protected":false},"author":1,"featured_media":0,"parent":17,"menu_order":0,"comment_status":"closed","ping_status":"closed","template":"","meta":{"footnotes":"","_links_to":"","_links_to_target":""},"class_list":["post-379","page","type-page","status-publish","hentry"],"jetpack_shortlink":"https:\/\/wp.me\/PalMuN-67","jetpack-related-posts":[],"jetpack_sharing_enabled":true,"_links":{"self":[{"href":"http:\/\/www.jnbl.ch\/index.php?rest_route=\/wp\/v2\/pages\/379","targetHints":{"allow":["GET"]}}],"collection":[{"href":"http:\/\/www.jnbl.ch\/index.php?rest_route=\/wp\/v2\/pages"}],"about":[{"href":"http:\/\/www.jnbl.ch\/index.php?rest_route=\/wp\/v2\/types\/page"}],"author":[{"embeddable":true,"href":"http:\/\/www.jnbl.ch\/index.php?rest_route=\/wp\/v2\/users\/1"}],"replies":[{"embeddable":true,"href":"http:\/\/www.jnbl.ch\/index.php?rest_route=%2Fwp%2Fv2%2Fcomments&post=379"}],"version-history":[{"count":41,"href":"http:\/\/www.jnbl.ch\/index.php?rest_route=\/wp\/v2\/pages\/379\/revisions"}],"predecessor-version":[{"id":16154,"href":"http:\/\/www.jnbl.ch\/index.php?rest_route=\/wp\/v2\/pages\/379\/revisions\/16154"}],"up":[{"embeddable":true,"href":"http:\/\/www.jnbl.ch\/index.php?rest_route=\/wp\/v2\/pages\/17"}],"wp:attachment":[{"href":"http:\/\/www.jnbl.ch\/index.php?rest_route=%2Fwp%2Fv2%2Fmedia&parent=379"}],"curies":[{"name":"wp","href":"https:\/\/api.w.org\/{rel}","templated":true}]}}

<p><strong><span style="font-size: 12pt;">Steini und die Ritter der Tafelrunde</span><br />
</strong><strong>Sommerlager des Jugendnaturschutz Baselland 2026</strong></p>
<p>Finstere Zeiten sind über Britannien hereingebrochen, denn der grüne Drache ist wieder auferstanden: Mordred, der Sohn König Arturs. Plündernd und brandschatzend zieht er mit seinen Schergen übers Land, was kann ihn noch aufhalten?</p>
<p>Laut einer Prophezeiung besitzt nur der heilige Gral die Macht, Mordred zu besiegen. Das treibt uns von unserer Heimat fort in Richtung Camelot, der Festung König Arturs und der Geburtsort der Ritter der Tafelrunde. Dort treten wir als Knappen in Sir Lancelots Dienste ein und werden zu Rittern ausgebildet.</p>
<p>Doch können wir den Gral rechtzeitig finden, um Camelot zu retten? Um die abenteuerlichen Aufgaben lösen zu können benötigen wir die Hilfe Merlins, dem geheimnisvollen Berater Arturs, doch wo steckt er bloss?</p>
<p>Willst Du mit uns spannende Geschichten am lodernden Lagerfeuer erleben? Wenn dich das Mittelalterfieber gepackt hat, dann nimm dein Schwert, Schild und Steckenpferd in die Hand und melde dich fürs <strong>SoLa 2026 </strong>via <a href="http://www.jnbl.ch/wp-content/uploads/2025/09/Ausschreibung-Sola-2026.pdf" target="_blank" rel="noopener">Ausschreibung</a> oder der <a href="https://forms.gle/J4nFUkboVajeKeMj6" target="_blank" rel="noopener">Online-Anmeldung</a> an.</p>
<table>
<tbody>
<tr>
<td>Was</td>
<td>Zeltlager</td>
</tr>
<tr>
<td>Wann</td>
<td>27. Juli bis 06. August 2026</td>
</tr>
<tr>
<td>Wo</td>
<td>Weiler Bodmen, Visperterminen, Wallis</td>
</tr>
<tr>
<td>Kosten</td>
<td>350.- CHF inkl. Reisekosten ab Treffpunkt<br />
320.- CHF für jedes weitere Geschwister</td>
</tr>
<tr>
<td>Alter</td>
<td>ab Jahrgang 2019</td>
</tr>
<tr>
<td>Kontaktadresse</td>
<td>Florian Colombo<br />
076 565 33 05<br />
florian@jnbl.ch</td>
</tr>
<tr>
<td><strong>Wichtig</strong></td>
<td><strong>Anmeldeschluss</strong><strong>: </strong>30. Juni 2026</td>
</tr>
</tbody>
</table>
<p><a href="http://www.jnbl.ch/wp-content/uploads/2025/09/Ausschreibung-Sola-2026.pdf" target="_blank" rel="noopener">Ausschreibung PDF</a></p>
<p><a href="https://forms.gle/J4nFUkboVajeKeMj6" target="_blank" rel="noopener">Online-Anmeldung</a></p>
<p><img data-recalc-dims="1" loading="lazy" decoding="async" data-attachment-id="302" data-permalink="http://www.jnbl.ch/?attachment_id=302" data-orig-file="https://i0.wp.com/www.jnbl.ch/wp-content/uploads/2018/11/sporttoto.jpeg?fit=1280%2C416" data-orig-size="1280,416" data-comments-opened="0" data-image-meta="{&quot;aperture&quot;:&quot;0&quot;,&quot;credit&quot;:&quot;&quot;,&quot;camera&quot;:&quot;&quot;,&quot;caption&quot;:&quot;&quot;,&quot;created_timestamp&quot;:&quot;0&quot;,&quot;copyright&quot;:&quot;&quot;,&quot;focal_length&quot;:&quot;0&quot;,&quot;iso&quot;:&quot;0&quot;,&quot;shutter_speed&quot;:&quot;0&quot;,&quot;title&quot;:&quot;&quot;,&quot;orientation&quot;:&quot;0&quot;}" data-image-title="sporttoto" data-image-description="" data-image-caption="" data-large-file="https://i0.wp.com/www.jnbl.ch/wp-content/uploads/2018/11/sporttoto.jpeg?fit=700%2C228" class="alignright wp-image-302" src="https://i0.wp.com/dmn205.manage.the-admins.ch/wp-content/uploads/2018/11/sporttoto-300x98.jpeg?resize=214%2C70" alt="" width="214" height="70" srcset="https://i0.wp.com/www.jnbl.ch/wp-content/uploads/2018/11/sporttoto.jpeg?resize=300%2C98 300w, https://i0.wp.com/www.jnbl.ch/wp-content/uploads/2018/11/sporttoto.jpeg?resize=768%2C250 768w, https://i0.wp.com/www.jnbl.ch/wp-content/uploads/2018/11/sporttoto.jpeg?resize=1024%2C333 1024w, https://i0.wp.com/www.jnbl.ch/wp-content/uploads/2018/11/sporttoto.jpeg?w=1280 1280w" sizes="auto, (max-width: 214px) 100vw, 214px" /></p>
<p><img data-recalc-dims="1" loading="lazy" decoding="async" data-attachment-id="13370" data-permalink="http://www.jnbl.ch/?attachment_id=13370" data-orig-file="https://i0.wp.com/www.jnbl.ch/wp-content/uploads/2024/06/logo_JNBL_PN-e1719391302263.jpg?fit=821%2C290" data-orig-size="821,290" data-comments-opened="0" data-image-meta="{&quot;aperture&quot;:&quot;0&quot;,&quot;credit&quot;:&quot;&quot;,&quot;camera&quot;:&quot;&quot;,&quot;caption&quot;:&quot;&quot;,&quot;created_timestamp&quot;:&quot;0&quot;,&quot;copyright&quot;:&quot;&quot;,&quot;focal_length&quot;:&quot;0&quot;,&quot;iso&quot;:&quot;0&quot;,&quot;shutter_speed&quot;:&quot;0&quot;,&quot;title&quot;:&quot;&quot;,&quot;orientation&quot;:&quot;0&quot;}" data-image-title="logo_JNBL_PN" data-image-description="" data-image-caption="" data-large-file="https://i0.wp.com/www.jnbl.ch/wp-content/uploads/2024/06/logo_JNBL_PN-e1719391302263.jpg?fit=700%2C394" class="alignnone size-medium wp-image-13370" src="https://i0.wp.com/www.jnbl.ch/wp-content/uploads/2024/06/logo_JNBL_PN-e1719391302263-300x106.jpg?resize=300%2C106" alt="" width="300" height="106" srcset="https://i0.wp.com/www.jnbl.ch/wp-content/uploads/2024/06/logo_JNBL_PN-e1719391302263.jpg?resize=300%2C106 300w, https://i0.wp.com/www.jnbl.ch/wp-content/uploads/2024/06/logo_JNBL_PN-e1719391302263.jpg?resize=768%2C271 768w, https://i0.wp.com/www.jnbl.ch/wp-content/uploads/2024/06/logo_JNBL_PN-e1719391302263.jpg?w=821 821w" sizes="auto, (max-width: 300px) 100vw, 300px" /></p>

<p>Steini und die Ritter der Tafelrunde Sommerlager des Jugendnaturschutz Baselland 2026 Finstere Zeiten sind über Britannien hereingebrochen, denn der grüne Drache ist wieder auferstanden: Mordred, der Sohn König Arturs. Plündernd und brandschatzend zieht er mit seinen Schergen übers Land, was&hellip; </p>
